. Determine r(q).
8
Let o(r) be the first derivative of -2*r**2 + 5. Let c(w) = -4*w + 86*w**2 - 44*w**2 - 6 - 41*w**2. Let z be c(5). Calculate o(z).
4
Let q(c) = -9*c + 12*c**3 - 3*c - 4 - 3*c - 17*c**3 + 12*c. What is q(-1)?
4
Let g be (4 + (-9)/3)*7. Suppose 4*s - 9 = g*s. Let f(z) = 3*z**2 + 2*z - 3. Determine f(s).
18
Let t(d) = -12*d**2 - 23*d + 6. Let h(a) = -9*a**2 - 24*a + 6. Let k(g) = 5*h(g) - 4*t(g). What is k(9)?
-3
Suppose -3*w = z, -25*w + 24*w = -4*z. Let a(d) be the first derivative of 0*d + z*d**2 + 5 + 2/3*d**3. Calculate a(1).
2
Let t be 5*(-1 + 2) + -1*3. Let n(c) = 7 - c**2 - 8 - c**t + 2*c. Determine n(2).
-5
Let u(m) = 5*m**3 - 13*m**2 - 17*m - 11. Let p(d) = 9*d**3 - 25*d**2 - 32*d - 21. Let g(z) = -4*p(z) + 7*u(z). Give g(10).
-3
Let x(a) = -11*a**2 + 2*a**2 + a**3 - 14 + 0*a**3 - 9*a. Suppose v - 30 = -2*v. Determine x(v).
-4
Let k(q) = 20*q**2 + q. Suppose -227*x + 226*x + 1 = 0. What is k(x)?
21
Let u(b) be the third derivative of -b**7/840 - b**5/40 + b**4/24 + 2*b**3/3 - 2*b**2. Let y(a) be the first derivative of u(a). Give y(2).
-13
Let j(b) be the first derivative of -5*b**3/3 + 7*b**2 + 5*b + 208. Determine j(3).
2
Let k(f) = f**3 + 5*f**2 + 4*f - 5. Let z be -42*(2 + (-8)/6). Let r(n) = -n**3 + 21*n**2 - 40*n + 12. Let b be r(19). Let x be 8/z - b/(-7). Calculate k(x).
-5
Let q(v) = -2*v**2 - v - 1. Let g(y) = -7*y**2 - 2*y - 4. Let n(u) = -g(u) + 3*q(u). Suppose -2*z = -3*m - 6 + 1, -3*m = -5*z + 8. Calculate n(z).
1
Let v(w) = w + 1. Suppose -4*z = -6*z + 186. Let r = 89 - z. What is v(r)?
-3
Let d(r) be the third derivative of -r**8/20160 - r**7/1008 + r**6/720 + r**5/5 - 12*r**2. Let n(v) be the third derivative of d(v). What is n(-4)?
5
Let q(t) = -28 - 12*t + t**3 - 8*t**2 + 73 - 37. Calculate q(9).
-19
Let y(l) = 3*l**2 - 3*l + 3. Suppose -3*g - d = -2*g - 11, -g + 5*d - 19 = 0. Suppose -a - 4*a - 4*p - g = 0, a + 18 = -5*p. Determine y(a).
9
Let s = -15 + 19. Let x(h) = h**2 - 24*h + 10*h - 1 + s*h + 7*h. What is x(4)?
3
Let c(i) = -2*i + 1. Let t be 1408/(-99) - (-2)/9. Let n = t + 17. What is c(n)?
-5
Suppose 4*o - 3*o + 88 = 5*h, h + o = 14. Let i(g) = 4*g**2 - 17*g + 33*g - h*g. Give i(2).
14
Let j(s) be the second derivative of 6*s + 0 + 0*s**2 + 5/2*s**3. Calculate j(1).
15
Let t be (-4 + 3)*0/1. Let r(n) = 0 + t + 1 - n - 3. Determine r(2).
-4
Let s(z) = z**3 - 6*z**2 - 16*z + 3. Let d be s(8). Let f(i) = -d*i + 2*i - 28 + 51 - 24. Determine f(-4).
3
Let u(j) = -j**2 - 36*j - 76. Let r be u(-34). Let f(y) = -y**3 - 8*y**2 + 2*y + 9. Give f(r).
-7
Let s be 1*(-2 + 0) - 1. Let r be (0 + 4/(-3))*s. Suppose -r*j = -26 + 6. Let b(a) = -a**2 + 6*a - 4. What is b(j)?
1
Suppose -57*b + 65*b = -8. Let d(i) = 5 - 2*i - 5. What is d(b)?
2
Let u(o) = 64081*o + 7 - 64074*o - o**2 - 8. Suppose 2*a = a + 3. Suppose 2*c = q + 16, c + 6 = a*c + 4*q. What is u(c)?
-1
Let c(k) be the third derivative of -k**6/120 + 13*k**5/60 + 2*k**4/3 - 7*k**3/2 + 32*k**2. Calculate c(14).
7
Suppose -16 = -5*c - 46. Let g be -3 + (-2 - -5) - -8. Let w(u) = -g + u**3 + 4*u + 0 + 7*u**2 + 0*u. Determine w(c).
4
Let h(z) be the second derivative of -1/2*z**2 - 17*z + 1/6*z**3 + 0. Let j be 13/(-2) - (-6)/12. Give h(j).
-7
Let f(k) = -69 + 5*k**2 - k**3 + 181 + 4*k - 61 - 58. Determine f(6).
-19
Let j(z) = -4*z**2 - 13*z + 5. Let c be j(-6). Let u = c + 56. Let g(q) = -q**3 - 5*q**2 + q + 7. Determine g(u).
2
Let y(i) = 4*i + i - 8 - 4*i. Let a be (10*(-1)/4)/(5*(-2)/24). Give y(a).
-2
Let i(h) = -h - 6. Let u = -2 + -3. Suppose 0 = -5*z + 2*q - 0*q - 2, -2*q + 2 = -4*z. Let d = z + u. Calculate i(d).
-1
Let f(l) = -l + 6. Let p(v) = 2. Suppose 12 + 6 = -3*h. Suppose -o + 2 = -0*o. Let g(u) = h*p(u) + o*f(u). What is g(-2)?
4
Let o(x) = 33*x - 40. Let a(u) = 47*u - 61. Let m(w) = 5*a(w) - 7*o(w). Calculate m(7).
3
Let k(v) = -3*v + 7. Let u be 18/(-14) - 12/(-42). Let f be ((-5)/(-1))/(u/1). Let z = 10 + f. Give k(z).
-8
Let w(x) = -x - 5. Let j(z) = -2. Let b(q) = 6*j(q) + 3*w(q). What is b(-7)?
-6
Let j(y) = -186 + 101 + 111 + 8*y. Give j(-3).
2
Let v be ((0/4)/(-4))/(-8 - -6). Let c(o) = -o**2 - 1. Let j(g) = g**3 + 7*g**2 + g + 11. Let n(k) = -6*c(k) - j(k). Determine n(v).
-5
Let b(k) = -7*k**2 + 4*k - 15. Let m(o) = -3*o**2 + o. Let w(j) = -b(j) + 2*m(j). Determine w(0).
15
Let x(n) = -n + 1. Let b be x(0). Let g be (0/5)/(b + -2). Let m(u) = g*u - 1 + u - 3 + 0. Calculate m(6).
2
Let g(d) = -1364 - d - 1370 + 0*d + 2739. Suppose -3*w + 7 = -20. Suppose -s = -5*v - 4*s + 27, w = 2*v + 3*s. Determine g(v).
-1
Let t(r) = -r**3 - r**2 + 7. Let x(h) = h**3 + h**2 - 6. Let f(o) = -2*t(o) - 3*x(o). Let l = 37 - 35. Let v be (-19 + 19)*(-1)/l. What is f(v)?
4
Let y(z) = -z**2 - 1. Let b(l) = 4*l**2 - 5*l + 3. Let q(t) = -b(t) - 6*y(t). Determine q(-3).
6
Suppose 0 = -4*n - 6*p + 2*p - 28, -4*n - p - 13 = 0. Let q be n + 1/2*4. Let f(o) be the second derivative of o**4/12 - 3*o**2 - 315*o - 1. What is f(q)?
-6
Let p(o) = -o**3 - o**2. Suppose 0*s = -6*s - 12. Calculate p(s).
4
Let m(b) = -b**2 + 3*b - 6. Let s(c) = -2*c**2 + 7*c - 11. Let l(z) = -7*m(z) + 4*s(z). Let n(a) = 2*a**2 + 5*a + 3. Let u be n(-3). Calculate l(u).
4
Let b(l) = -4*l + 23. Suppose 104*v = 108*v - 28. Give b(v).
-5
Let x(h) = 2*h - 6*h + 1 + 3*h. Let s(c) = -c**3 - 3*c**2 + 12*c. Let p(a) = -s(a) - 6*x(a). Calculate p(-4).
2
Let p be (-21)/(-4) + 1*11/(-44). Let u(b) = 4*b - 4. Determine u(p).
16
Let p be (-12)/(-3) + (0 - -2). Let k(x) = -8*x**2 - 24*x + 20. Let z(h) = -3*h**2 - 8*h + 7. Let b(y) = 4*k(y) - 11*z(y). Give b(p).
-9
Let x(k) = -2*k**2 - k - 1. Suppose 5*a - 6 = 4*a. Let b be (-4)/a + (-114)/(-9). Let n be b/42 + 9/(-7). Determine x(n).
-2
Let a(l) = -l + 3. Suppose -6*j + 5*j + 4 = 3*o, 3*j = 2*o - 10. Give a(o).
1
Let s be (-32)/(-14) - (-44)/(-154). Let c(j) = 23*j + 18*j - s - 43*j. Let a(f) = -f**3 - 4*f**2 - 3*f. Let u be a(-2). Calculate c(u).
2
Suppose -2199 = 8*r - 2287. Let k(v) = v**3 - 10*v**2 - 9*v - 18. Determine k(r).
4
Let u(h) = -4 + 2*h**2 - 4 + 16*h + 9 - 6 - 5. Determine u(-9).
8
Suppose 3*c = 10 + 5. Let a(s) = -2*s + 5. Let d be a(c). Let j(k) = -53 + k + 110 - 53. Calculate j(d).
-1
Let z(u) = 15 - 3 - u**3 + 11*u - 5 - 6*u**2. Determine z(-7).
-21
Let z(u) = -u + 4. Let i be z(1). Suppose 0 = -4*g + i*x + 1, x + 4 = -5*g + 3*x. Let v(c) = c + 0*c + 0*c + c - 1. Calculate v(g).
-5
Let v(p) be the third derivative of p**6/15 + p**5/30 - p**3/6 - 4*p**2. Let j be (30/18)/((-2)/(-6)*5). Determine v(j).
9
Let s(a) = -a + 2. Let k(h) be the third derivative of -h**5/12 + h**4/8 + h**3/6 - 8*h**2. Let b be k(-1). Determine s(b).
9
Suppose 0 = 4*d + 4*z - 48, 4*d = -2*z + 23 + 23. Let y(a) = 14*a - 3 - d*a - 7*a. Give y(-2).
5
Let w(b) = b**2 + 2*b - 4. Let t be -1*4*(-27)/12. Let i be (-26)/6 + (-6)/t. What is w(i)?
11
Let x(j) be the third derivative of -j**5/60 - j**4/6 + j**3/3 + 207*j**2 + 1. Let c(r) = r**3 - 3. Let a be c(0). Give x(a).
5
Let n(g) = g**2 + 5*g + 6. Suppose 2*h - 14 = -3*x, 5*x - h - 2 = 4. Suppose -p - x*p - 15 = 0. Determine n(p).
6
Let o(m) = -m**3 - 2*m**2 + 4*m + 1. Let b be 8 - (10 - 64)/(-9). What is o(b)?
-7
Let k(c) be the first derivative of -c**4/4 + 5*c**3/3 + 3*c**2 + 6*c - 1. Let p be k(6). Let w(l) = -5*l - 63 - 62 + l**3 - 5*l**2 + 123. Give w(p).
4
Let b(v) be the third derivative of 0 + 0*v + 1/120*v**6 - 7/24*v**4 - 7/6*v**3 + 5*v**2 + 1/12*v**5. Suppose 0 = -4*d - 9 - 15. Give b(d).
-1
Let r(x) = x**2 - 3*x + 4. Let f(i) = i + 1. Let s(n) = -2*f(n) + r(n). Calculate s(6).
8
Suppose -32*p + 32 + 0 = 0. Let z(v) = 6*v**2 - v. Determine z(p).
5
Let t(w) = w - 1. Let r(o) = 2*o. Let k(u) = -r(u) + 4*t(u). Give k(-5).
-14
Let m(v) = -4*v - 93 + 2*v + 98. Determine m(5).
-5
Let r(m) be the second derivative of -m**4/12 - 4*m**3/3 - 7*m**2/2 + 148*m. Calculate r(-6).
5
Let z(v) = -3*v + 11. Let j(r) = -3*r + 9. Let m(l) = -4*j(l) + 3*z(l). Give m(4).
9
Let d be 4/(-6)*81/54. Let h(z) be the second derivative of z**6/180 - z**4/24 + z**3/6 + 2*z. Let f(n) be the second derivative of h(n). Calculate f(d).
1
Let k(z) = 2*z + 24. Let a be k(-11). Let p(i) = -26*i**a + 1 + i**3 - i - 2 + 23*i**2. Determine p(3).
-4
Suppose 0 = -52*h - 145 - 115. Let a(o) be the first derivative of o**4/4 + 5*o*